- 11 - -8).
-5
What is the value of 14 + (5 - (2 - -5))?
12
What is -15 + (13 - (6 + 3) - -2)?
-9
Calculate 20 + -7 - 10 - 11.
-8
What is the value of 0 - ((32 - 32) + 2 + 8)?
-10
Calculate 4 + (-17 + 4 - (-2 + -9)).
2
6 + -1 - (80 - 79)
4
What is 9 - (53 - 0) - (-29 + 10 + 8)?
-33
-24 - (9 - 45) - 29
-17
What is the value of (4 - (11 + 4)) + 16 - (-1 + 19)?
-13
Calculate 71 + -57 - (-1 + 1).
14
What is the value of (16 - 1) + -131 + 113?
-3
2 + -3 + (-5 - -12) - -13 - 7
12
Calculate (-7 + 29 - 16) + -5 + (-1 - 2).
-2
Evaluate -10 - (46 + -57 + (3 - -1)).
-3
-10 + (11 + -9 - 4 - 5)
-17
What is -30 + (1 + -15 - (-53 + 33))?
-24
Evaluate 2 - (17 + 4 + -7 - 24).
12
What is the value of -11 + -14 + 14 - (2 - 7)?
-6
Calculate 1 + (2 - -9) + 1 + -1.
12
What is -1 - ((1 - -6 - 5) + 2)?
-5
What is -47 - (52 - 45 - 19)?
-35
What is (1 - (-1 - 28)) + 5 + -59 + 44?
20
1 + -5 + -30 + (22 - -2)
-10
Evaluate (5 - -1) + (19 - (-17 - -3 - -29)).
10
Evaluate (1 - 23) + (-8 - (-47 + 42)).
-25
0 + 19 - (-11 + (12 - -9 - 6))
15
-17 + (-9 - -1 - 3) - 7
-35
Calculate (-17 - (-52 + 7)) + (1 - 5).
24
What is the value of (31 - (43 - 29)) + -8?
9
Calculate 22 - (-13 + 10 - -20).
5
(-38 - -12) + 3 + (4 - 2) + -6
-27
Evaluate (-3 - (3 + 11 - 7)) + 20.
10
What is (10 - 28) + (3 - (-8 - -1))?
-8
(2 - -19) + (-22 - -6)
5
What is -4 + (0 + 12 + 1 - (390 + -389))?
8
0 + -15 + 57 + -32
10
-3 + 14 + (6 - 16) + -14
-13
What is the value of (2 + 1 - (-2 + 6)) + (-99 - -88)?
-12
What is the value of (-2 + (6 - 17 - -1) - -24) + -46?
-34
What is 0 - (-34 + 57 - (-1 + 14))?
-10
What is the value of 1 + 0 + (0 - 4) + -7?
-10
Calculate -18 - 0 - (0 + -3 - (57 - 56)).
-14
Evaluate -11 + -1 - -22 - (8 + 11).
-9
Evaluate (-3 - (1 + 7)) + 6 + (-9 - -6).
-8
What is the value of -3 - (-4 - (-26 - -43))?
18
What is the value of -9 - (-13 + 48 + -45 + 3 + -1)?
-1
Calculate 4 + -2 - -4 - (-61 - -55).
12
What is the value of (16 - 4) + 87 + -110?
-11
-2 + (0 - -5 - -2) - (-10 + 7)
8
Calculate (28 - -7) + 4 + -30 + 18.
27
What is -12 - (9 - (-9 - -41))?
11
What is the value of -4 - -5 - (4 + 3 + -4 - 7)?
5
36 + (29 - 37) + -2
26
What is the value of -19 - 3 - (-35 - 4)?
17
What is -8 - 0 - -15 - (2 - 5)?
10
What is -1 + -48 + 3286 + -3256?
-19
What is the value of -4 - (-5 + -8 + 4 + 4)?
1
Evaluate (-7 + 0 + 5 + -1 - 4) + -1.
-8
Calculate -13 + 30 - (-11 + 14) - 29.
-15
What is 43 + -31 + 6 + -4?
14
Calculate 10 + 0 - (0 + 2 + 15 - 5).
-2
Calculate 26 - (61 - (-41 - -61)).
-15
What is the value of 3 + (-32 - -33 - (-3 + 2 - 0))?
5
What is (2 - -37) + 29 + -80?
-12
Evaluate 27 + 17 + -7 + -14.
23
What is the value of 1 + 3 + -12 + (16 - (-6 + 8))?
6
What is (1 - 8) + 3 + -164 + 169?
1
What is the value of 5 - ((-3 - 17) + 12 + (-2 - -5))?
10
Calculate -2 + (6 - (-18 + 18) - 11).
-7
What is -6 - (3 + -1) - 14?
-22
What is the value of (-23 - -6 - -2) + (-4 - -14)?
-5
Calculate 29 - (-14 + 26) - 6 - (2 - 3).
12
What is the value of -9 + (14 + -6 - 2 - 6) + -23?
-32
What is the value of (15 - -24) + -53 + -25?
-39
What is the value of 3 - 6 - (4 + -3 + 2)?
-6
Calculate (41 - 21 - 22) + 24.
22
What is -15 + -3 + (-21 - (2 - (-16 + 35)))?
-22
Evaluate 1 - -13 - (48 + -36) - -11.
13
What is the value of 12 - ((12 - 8) + -3)?
11
Calculate 3 + -2 - (23 - (0 - -1 - -5)).
-16
1 + (2 - 0) + (18 + 2 - 11)
12
(0 - -1) + (44 - 64 - (-29 + 7))
3
Calculate 0 - -1 - (2 + 2 - (-38 - -38)).
-3
What is the value of 31 - (32 + 17 + -29)?
11
What is -1 - -6 - (-15 + 12)?
8
What is the value of -12 - (7 - (-13 - -3 - -25))?
-4
Calculate (10 + -20 - -5) + 10 - 19.
-14
Evaluate 0 + 0 - -5 - (-42 - -3 - -39).
5
Calculate (4 + -6 + 3 - -2) + (-14 - 4).
-15
Calculate -17 + 13 + 7 + 10.
13
Evaluate -54 + 54 + (-12 - (-1 - 0)).
-11
-9 + 0 + 27 - 9
9
What is -6 - (-4 + -8 + 5 + -8 + 8)?
1
Evaluate 14 + -4 + -20 - (1 + -8).
-3
Evaluate 11 + -8 + (-4 + 3 - 6).
-4
What is the value of -22 + (31 - 15) - -23?
17
(-49 - -24 - -16) + (-5 - -7) + 4
-3
What is 6 + -15 + 4 + (5 - 4)?
-4
59 + 14 + (29 - 74)
28
What is (-3 + 5 - 14) + (22 - 4) + -15?
-9
Calculate 4 + 62 + -55 + (2 - 1).
12
What is the value of 5 + (-3 - 17) - (10 + -9)?
-16
What is -1 + 28 + -173 + 162?
16
Evaluate -34 - (0 - (-6 + 10 + 4)).
-26
What is the value of 12 + (2 + -17 - -13)?
10
What is the value of (10 - (12 + 4)) + (-5 - -1)?
-10
Calculate -7 + (2 + 1 - (14 + -25 + 11)).
-4
1 + -2 + 0 + (-52 - (-28 - 49))
24
What is the value of 6 - 8 - -8 - (-40 - -14)?
32
What is the value of (0 - -1) + (-5 - (-12 + 15))?
-7
What is the value of -28 + 18 + (-8 + 3 - -3)?
-12
What is the value of 24 + -9 + -10 - (1 - -19)?
-15
Evaluate 44 + (-29 - 11) + -37.
-33
Calculate -8 + 4 + -10 + 2 + 6 + -11.
-17
1 + (-6 - -21 - 0) + -13
3
Calculate (26 - 12) + -6 + -10.
-2
What is -16 + (-7 - -16) + 4 + (1 - -1)?
-1
What is the value of -19 - (-4 - (9 + -14) - 5 - -9)?
-24
What is -31 + (39 + -9 - -15)?
14
Calculate -19 + (17 - 7) - (4 - -1).
-14
Evaluate (0 - -13) + -22 - -6.
-3
20 - 8 - (39 + 5) - -11
-21
What is the value of -5 - 7 - ((-14 - -17) + -9)?
-6
Evaluate (-2 - 0 - -14) + 72 + -92.
-8
Evaluate (2 - 15) + (-5 - (3 - (3 - -7))).
-11
What is -4 + (-4 - -4) + -3 + 1?
-6
Calculate (-71 - (-51 - 22)) + 1 + 17.
20
Evaluate -1 + 0 + (-92 - -77) + 3 - -8.
-5
Calculate 24 - ((-4 - -7 - -1) + (-5 - -2)).
23
What is the value of (9 - 0) + (-7 - (-14 + 21))?
-5
What is (-24 - (-8 + 0 + 0 + 6)) + 2?
-20
Evaluate (33 - (6 - -13)) + 2.
16
(14 - 6 - 6) + (6 - -1)
9
What is the value of 11 - 13 - (5 - -10) - (5 - 9)?
-13
What is the value of -13 - (-1 + 3 - (21 - (-10 - -24)))?
-8
Evaluate 8 - (2 + -18) - (1 - 3).
26
Evaluate -2 - 2 - (3 + 0 - -3).
-10
Calculate -5 + 6 - (0 - 7 - -7).
1
21 + (19 - (15 - -9))
16
(9 - (38 + -34)) + -1 + -3 - 26
-25
Calculate 46 - 35 - (-4 + 24).
-9
What is the value of -11 + (7 - (-17 - -11))?
2
What is the value of 101 - 107 - (14 + -7 + 8)?
-21
Calculate -6 + 6 - (1 + (0 - 3)) - 20.
-18
What is the value of -31 + 6 + -32 - -40?
-17
What is the value of 985 + -1014 - (-2 - (-2 + 5))?
-24
What is 1 + 25 - ((0 - 1) + 7 + -4)?
24
What is 124 - 140 - (-3 + 4 + 2)?
-19
Evaluate -4 + -5 + -2 + 11.
0
What is -1 - (4 + (2 - -2) + -22)?
13
-1 - (51 - 24 - -1)
-29
Evaluate ((0 - 2) + 0 - 4) + 219 + -218.
-5
What is (-2 + (9 - (-1 - -3)) - 9) + 3?
-1
What is the value of -1 - 7 - 0 - (-4 + 7) - -12?
1
What is -4 - (-1 + 4 - (44 + -36))?
1
Evaluate (-2 - (-2 - 3)) + 38 + -36 + -8.
-3
Calculate -12 + 3 - (18 - (-4 - -9) - 5).
-17
What is (1 - 0) + (-115 + 100 - (-1 + -20))?
7
25 - (21 + -20) - 27
-3
Calculate 5 + -15 + (-16 - -31).
5
What is the value of 64 + -61 + -19 + -1 + 9?
-8
Evaluate -7 - (-3 + 1 + (3 - 3)).
-5
Calculate (3 - 4) + 17 + 25 + -10 + -21.
10
34 - (-2 + 59 + -5)
-18
2 - ((0 - 10) + (89 - 81))
4
9 + 3 + (-18 - ((5 - -15) + -9))
-17
Evaluate 10 + (-3 - 5 - 2).
0
What is -34 + 59 + (-2 - 9)?
14
What is 4 + -39 + 12 + 15?
-8
What is the value of 4 - (-30 + 2 + 32)?
0
(-13 + 6 - 1) + -3
-11
Calculate 16 + (15 - (33 - 14)) - 15.
-3
65 - (-49 + 125) - (1 + -12)
0
What is 22 + -27 + (-7 - -1) + (10 - 6)?
-7
-5 - (-8 + (24 - 8))
-13
What is 43 + -53 + 43 - (0 + 12)?
21
Calculate -8 - (-6 + -8 + 11).
-5
-254 + 232 - (-1 + 2 - (14 + -16))
-25
Evaluate (-1 - -3 - 0) + -11 + 8.
-1
What is -8 - (-43 + 51 + -1 + 2)?
-17
Evaluate -33 + 6 + 1 + 17.
-9
Evaluate 12 - (4 - (-13 - -18)).
13
What is the value of 0 + (4 - 1) - (-207 - -207)?
3
Calculate -2 + (3 - -4) + -1 + -10 + -2.
-8
Calculate (-5 + 2 - -2) + (-39 - (-94 - -49)).
5
-26 + -17 + 49 - (0 - (-30 + 1))
-23
Evaluate (0 + -2 - (68 + -83)) + 10.
23
Calculate 10 + (3 - 5) - 26.
-18
(8 + (-19 - -11) - 2) + -1 + 0
-3
What is the value of -5 - (11 + -11 + 18)?
-23
Calculate 12 + 2 + -29 - (-20 + 17).
-12
(-14 - -11) + (-3 - (-16 + -2))
12
Calculate -21 + 13 + 12 - -4.
8
What is the value of (-3 - -1) + (-9 - (12 + 4 + -10))?
-17
What is -16 - -1 - (25 - 54)?
14
Evaluate (-2 - (-10 - -10)) + 6 - -2.
6
Evaluate 4 - (-2 - -10 - (-13 + 7)).
-10
Calculate -13 + -1 + -4 + 6 + 8.
-4
12 - ((42 - 46) + (12 - 0))
4
Calculate 8 + 3 + -5 + -9 - (9 + -1).
-11
-16 + 17 + -4 - 0
-3
What is -15 - (32 - (29 - -14))?
-4
What is the value of -3 - (-8 + 11 + 3) - (9 - 38)?
20
What is the value of (-59 - -49) + -4 + (3 - 5) + 8?